he prime factors of 1035527?
1035527
List the prime factors of 2574149.
2574149
What are the prime factors of 231370?
2, 5, 17, 1361
What are the prime factors of 2436807?
3, 19, 42751
List the prime factors of 2177454.
2, 3, 59, 6151
List the prime factors of 4529466.
2, 3, 37, 2267
List the prime factors of 12720890.
2, 5, 7, 13, 1997
What are the prime factors of 784087?
784087
What are the prime factors of 4360654?
2, 83, 109, 241
List the prime factors of 2659417.
61, 43597
What are the prime factors of 6183548?
2, 7, 220841
What are the prime factors of 2839864?
2, 354983
List the prime factors of 23677929.
3, 11, 239171
What are the prime factors of 2595060?
2, 3, 5, 13, 1109
What are the prime factors of 385660?
2, 5, 11, 1753
List the prime factors of 32726.
2, 16363
What are the prime factors of 7072417?
11, 642947
List the prime factors of 5442972.
2, 3, 409, 1109
What are the prime factors of 74370?
2, 3, 5, 37, 67
List the prime factors of 811553.
811553
List the prime factors of 2057707.
47, 43781
What are the prime factors of 58170?
2, 3, 5, 7, 277
What are the prime factors of 37971761?
17, 89, 25097
List the prime factors of 3924183.
3, 37, 35353
List the prime factors of 13800194.
2, 19, 79, 4597
What are the prime factors of 3384891?
3, 376099
List the prime factors of 35600228.
2, 23, 379, 1021
What are the prime factors of 470498?
2, 7, 4801
What are the prime factors of 3173984?
2, 11, 71, 127
List the prime factors of 1413267.
3, 471089
List the prime factors of 889315.
5, 7, 25409
What are the prime factors of 1816496?
2, 11, 10321
List the prime factors of 2389048.
2, 298631
List the prime factors of 15952.
2, 997
What are the prime factors of 110802?
2, 3, 59, 313
List the prime factors of 3185750.
2, 5, 12743
What are the prime factors of 7149976?
2, 179, 4993
What are the prime factors of 2285758?
2, 257, 4447
List the prime factors of 10822981.
13, 37, 22501
List the prime factors of 3989903.
3989903
List the prime factors of 237320.
2, 5, 17, 349
List the prime factors of 749658.
2, 3, 7, 13, 1373
List the prime factors of 357450.
2, 3, 5, 2383
What are the prime factors of 53548?
2, 11, 1217
List the prime factors of 532070.
2, 5, 7, 11, 691
List the prime factors of 2705813.
11, 245983
List the prime factors of 66215.
5, 17, 19, 41
List the prime factors of 1451677.
1451677
List the prime factors of 279745.
5, 55949
List the prime factors of 5061603.
3, 167, 10103
What are the prime factors of 3834567?
3, 11, 12911
List the prime factors of 207662.
2, 7, 13, 163
What are the prime factors of 18991437?
3, 31, 53, 3853
What are the prime factors of 238366?
2, 119183
List the prime factors of 30091998.
2, 3, 1753, 2861
What are the prime factors of 7615379?
7615379
What are the prime factors of 865751?
865751
What are the prime factors of 30092601?
3, 7, 11, 17, 79, 97
What are the prime factors of 2480394?
2, 3, 7, 73, 809
List the prime factors of 437666.
2, 218833
List the prime factors of 459182.
2, 229591
List the prime factors of 2368300.
2, 5, 11, 2153
What are the prime factors of 4206119?
4206119
List the prime factors of 17997194.
2, 379, 23743
What are the prime factors of 5309029?
11, 31, 15569
List the prime factors of 305473.
7, 17, 151
What are the prime factors of 270217?
270217
What are the prime factors of 321194?
2, 41, 3917
List the prime factors of 26414773.
7, 11, 7001
List the prime factors of 547504.
2, 19, 1801
What are the prime factors of 910417?
103, 8839
What are the prime factors of 17314797?
3, 73, 79063
List the prime factors of 78316.
2, 7, 2797
What are the prime factors of 1147200?
2, 3, 5, 239
What are the prime factors of 3717?
3, 7, 59
What are the prime factors of 24162284?
2, 41, 147331
What are the prime factors of 503250?
2, 3, 5, 11, 61
List the prime factors of 339745.
5, 7, 17, 571
List the prime factors of 56251.
13, 4327
List the prime factors of 623462.
2, 7, 44533
What are the prime factors of 3089089?
1483, 2083
What are the prime factors of 270136?
2, 33767
List the prime factors of 7864.
2, 983
List the prime factors of 5854172.
2, 29, 109, 463
What are the prime factors of 1758513?
3, 97, 6043
List the prime factors of 26305866.
2, 3, 1461437
List the prime factors of 916534.
2, 487, 941
What are the prime factors of 1132669?
97, 11677
What are the prime factors of 55718?
2, 13, 2143
What are the prime factors of 11828894?
2, 7, 11, 10973
What are the prime factors of 166597?
166597
What are the prime factors of 18506?
2, 19, 487
What are the prime factors of 1713670?
2, 5, 7, 24481
List the prime factors of 21477138.
2, 3, 3579523
List the prime factors of 182510.
2, 5, 18251
What are the prime factors of 10568169?
3, 17, 69073
List the prime factors of 3889686.
2, 3, 113, 5737
List the prime factors of 2807361.
3, 73, 4273
List the prime factors of 686162.
2, 343081
List the prime factors of 364328.
2, 45541
List the prime factors of 5500347.
3, 541, 3389
List the prime factors of 8768101.
19, 461479
List the prime factors of 209956.
2, 52489
List the prime factors of 280250.
2, 5, 19, 59
What are the prime factors of 83746?
2, 13, 3221
List the prime factors of 1204723.
13, 92671
What are the prime factors of 807577?
41, 19697
What are the prime factors of 260463?
3, 7, 79, 157
What are the prime factors of 221021?
221021
What are the prime factors of 3224790?
2, 3, 5, 35831
List the prime factors of 15738720.
2, 3, 5, 32789
List the prime factors of 5563526.
2, 593, 4691
List the prime factors of 17768516.
2, 739, 6011
List the prime factors of 906002.
2, 139, 3259
List the prime factors of 7532350.
2, 5, 7, 21521
What are the prime factors of 2307650?
2, 5, 46153
List the prime factors of 1095392.
2, 34231
List the prime factors of 3781920.
2, 3, 5, 7879
What are the prime factors of 2552615?
5, 13, 173, 227
List the prime factors of 38988.
2, 3, 19
What are the prime factors of 516396?
2, 3, 23, 1871
List the prime factors of 12294354.
2, 3, 47, 43597
List the prime factors of 94451.
7, 103, 131
List the prime factors of 33763.
19, 1777
What are the prime factors of 462461?
23, 20107
What are the prime factors of 15997712?
2, 109, 9173
List the prime factors of 1429936.
2, 89371
List the prime factors of 116991.
3, 7, 619
What are the prime factors of 11144281?
11144281
What are the prime factors of 172878?
2, 3, 28813
List the prime factors of 66054.
2, 3, 101, 109
What are the prime factors of 822939?
3, 13, 21101
What are the prime factors of 254116?
2, 17, 37, 101
List the prime factors of 213539.
213539
What are the prime factors of 995959?
995959
What are the prime factors of 6471334?
2, 359, 9013
List the prime factors of 24606026.
2, 19, 647527
List the prime factors of 5444849.
19, 53, 5407
What are the prime factors of 1389947?
13, 31, 3449
What are the prime factors of 4387597?
317, 13841
List the prime factors of 5808469.
1021, 5689
What are the prime factors of 3698381?
353, 10477
What are the prime factors of 78842?
2, 79, 499
List the prime factors of 14534794.
2, 83, 87559
What are the prime factors of 293907?
3, 313
What are the prime factors of 1494062?
2, 17, 43943
What are the prime factors of 5824050?
2, 3, 5, 41, 947
List the prime factors of 1100800.
2, 5, 43
What are the prime factors of 585454?
2, 292727
What are the prime factors of 954305?
5, 11, 17351
What are the prime factors of 724219?
724219
What are the prime factors of 17254?
2, 8627
What are the prime factors of 7592491?
359, 21149
What are the prime factors of 121167?
3, 13463
List the prime factors of 5989233.
3, 1996411
List the prime factors of 1345607.
79, 17033
What are the prime factors of 10262422?
2, 5131211
What are the prime factors of 365893?
11, 29, 31, 37
What are the prime factors of 748075?
5, 23, 1301
List the prime factors of 359226.
2, 3, 7, 2851
What are the prime factors of 3778566?
2, 3, 11, 57251
List the prime factors of 16970.
2, 5, 1697
What are the prime factors of 3720674?
2, 1860337
List the prime factors of 18897079.
163, 115933
What are the prime factors of 940350?
2, 3, 5, 6269
List the prime factors of 601345.
5, 127, 947
What are the prime factors of 3899351?
19, 23, 8923
List the prime factors of 10033892.
2, 11, 457, 499
What are th